{"id":1023,"date":"2024-09-09T17:36:34","date_gmt":"2024-09-09T15:36:34","guid":{"rendered":"https:\/\/cmtn-scandinavie.fr\/?post_type=tribe_events&#038;p=1023"},"modified":"2024-09-09T17:36:34","modified_gmt":"2024-09-09T15:36:34","slug":"session-musiques-scandinaves-a-paris","status":"publish","type":"tribe_events","link":"https:\/\/cmtn-scandinavie.fr\/index.php\/event\/session-musiques-scandinaves-a-paris\/","title":{"rendered":"Session musiques scandinaves \u00e0 Paris"},"content":{"rendered":"<p>lundi 23 septembre session musiques su\u00e9doises <em>19h \u00e0 l&#8217;Entrepot&#8217;s &#8216; 20 rue sorbier PARIS 75020<\/em><\/p>\n","protected":false},"excerpt":{"rendered":"<p class=\"text-justify\">lundi 23 septembre session musiques su\u00e9doises 19h \u00e0 l&#8217;Entrepot&#8217;s &#8216; 20 rue sorbier PARIS 75020<\/p>\n","protected":false},"author":4,"featured_media":0,"template":"","meta":{"_tribe_events_status":"","_tribe_events_status_reason":"","footnotes":""},"tags":[],"tribe_events_cat":[],"class_list":["post-1023","tribe_events","type-tribe_events","status-publish","hentry"],"_links":{"self":[{"href":"https:\/\/cmtn-scandinavie.fr\/index.php\/wp-json\/wp\/v2\/tribe_events\/1023","targetHints":{"allow":["GET"]}}],"collection":[{"href":"https:\/\/cmtn-scandinavie.fr\/index.php\/wp-json\/wp\/v2\/tribe_events"}],"about":[{"href":"https:\/\/cmtn-scandinavie.fr\/index.php\/wp-json\/wp\/v2\/types\/tribe_events"}],"author":[{"embeddable":true,"href":"https:\/\/cmtn-scandinavie.fr\/index.php\/wp-json\/wp\/v2\/users\/4"}],"version-history":[{"count":1,"href":"https:\/\/cmtn-scandinavie.fr\/index.php\/wp-json\/wp\/v2\/tribe_events\/1023\/revisions"}],"predecessor-version":[{"id":1024,"href":"https:\/\/cmtn-scandinavie.fr\/index.php\/wp-json\/wp\/v2\/tribe_events\/1023\/revisions\/1024"}],"wp:attachment":[{"href":"https:\/\/cmtn-scandinavie.fr\/index.php\/wp-json\/wp\/v2\/media?parent=1023"}],"wp:term":[{"taxonomy":"post_tag","embeddable":true,"href":"https:\/\/cmtn-scandinavie.fr\/index.php\/wp-json\/wp\/v2\/tags?post=1023"},{"taxonomy":"tribe_events_cat","embeddable":true,"href":"https:\/\/cmtn-scandinavie.fr\/index.php\/wp-json\/wp\/v2\/tribe_events_cat?post=1023"}],"curies":[{"name":"wp","href":"https:\/\/api.w.org\/{rel}","templated":true}]}}

Session musiques scandinaves à Paris

<p>lundi 23 septembre session musiques suédoises <em>19h à l&#8217;Entrepot&#8217;s &#8216; 20 rue sorbier PARIS 75020</em></p>

<p class="text-justify">lundi 23 septembre session musiques suédoises 19h à l&#8217;Entrepot&#8217;s &#8216; 20 rue sorbier PARIS 75020</p>
